{"id":232,"date":"2019-05-17T00:26:49","date_gmt":"2019-05-16T22:26:49","guid":{"rendered":"http:\/\/aotools.weiermanns.de\/aotools\/?page_id=232"},"modified":"2019-05-31T12:05:32","modified_gmt":"2019-05-31T10:05:32","slug":"finanzen","status":"publish","type":"page","link":"https:\/\/aotools.weiermanns.de\/aotools\/finanzen\/","title":{"rendered":"Finanzen"},"content":{"rendered":"\n<p>Ihr k\u00f6nnt indem ihr eure Bilanz aus Anstoss Online importiert einige Auswertungen anfertigen wie sich euer Verein finanziell entwickelt.<\/p>\n\n\n\n<p>Daraus kann abgeleitet werden wie viel Geld ihr mit eurem Umfeld macht und wie ggf. die optimalen Eintrittspreise aussehen. Weiterhin sind einige Grafiken vorhanden und eine dynamische Auswertung welches alles ein wenig abrundet.<br>Ihr seht auch wie sich Transfers gestaltet haben in Bezug auf Gewinn und Verlust. Hier zwei Screenshots die einen kleinen Auszug geben.<\/p>\n\n\n\n<ul data-carousel-extra='{\"blog_id\":1,\"permalink\":\"https:\\\/\\\/aotools.weiermanns.de\\\/aotools\\\/finanzen\\\/\"}' class=\"wp-block-gallery columns-2 is-cropped\"><li class=\"blocks-gallery-item\"><figure><img data-attachment-id=\"377\" data-permalink=\"https:\/\/aotools.weiermanns.de\/aotools\/finanzen\/finanz_bsp2\/#main\" data-orig-file=\"https:\/\/i0.wp.com\/aotools.weiermanns.de\/aotools\/wp-content\/uploads\/2019\/05\/Finanz_Bsp2.gif?fit=762%2C605&amp;ssl=1\" data-orig-size=\"762,605\" data-comments-opened=\"0\" data-image-meta=\"{&quot;aperture&quot;:&quot;0&quot;,&quot;credit&quot;:&quot;&quot;,&quot;camera&quot;:&quot;&quot;,&quot;caption&quot;:&quot;&quot;,&quot;created_timestamp&quot;:&quot;0&quot;,&quot;copyright&quot;:&quot;&quot;,&quot;focal_length&quot;:&quot;0&quot;,&quot;iso&quot;:&quot;0&quot;,&quot;shutter_speed&quot;:&quot;0&quot;,&quot;title&quot;:&quot;&quot;,&quot;orientation&quot;:&quot;0&quot;}\" data-image-title=\"Finanz_Bsp2\" data-image-description=\"\" data-image-caption=\"\" data-medium-file=\"https:\/\/i0.wp.com\/aotools.weiermanns.de\/aotools\/wp-content\/uploads\/2019\/05\/Finanz_Bsp2.gif?fit=300%2C238&amp;ssl=1\" data-large-file=\"https:\/\/i0.wp.com\/aotools.weiermanns.de\/aotools\/wp-content\/uploads\/2019\/05\/Finanz_Bsp2.gif?fit=640%2C508&amp;ssl=1\" loading=\"lazy\" width=\"640\" height=\"508\" src=\"https:\/\/i0.wp.com\/aotools.weiermanns.de\/aotools\/wp-content\/uploads\/2019\/05\/Finanz_Bsp2.gif?resize=640%2C508\" alt=\"\" data-id=\"377\" data-link=\"http:\/\/aotools.weiermanns.de\/aotools\/finanzen\/finanz_bsp2\/#main\" class=\"wp-image-377\" data-recalc-dims=\"1\"\/><\/figure><\/li><li class=\"blocks-gallery-item\"><figure><img data-attachment-id=\"378\" data-permalink=\"https:\/\/aotools.weiermanns.de\/aotools\/finanzen\/finanz_bsp1\/#main\" data-orig-file=\"https:\/\/i0.wp.com\/aotools.weiermanns.de\/aotools\/wp-content\/uploads\/2019\/05\/Finanz_Bsp1.gif?fit=761%2C608&amp;ssl=1\" data-orig-size=\"761,608\" data-comments-opened=\"0\" data-image-meta=\"{&quot;aperture&quot;:&quot;0&quot;,&quot;credit&quot;:&quot;&quot;,&quot;camera&quot;:&quot;&quot;,&quot;caption&quot;:&quot;&quot;,&quot;created_timestamp&quot;:&quot;0&quot;,&quot;copyright&quot;:&quot;&quot;,&quot;focal_length&quot;:&quot;0&quot;,&quot;iso&quot;:&quot;0&quot;,&quot;shutter_speed&quot;:&quot;0&quot;,&quot;title&quot;:&quot;&quot;,&quot;orientation&quot;:&quot;0&quot;}\" data-image-title=\"Finanz_Bsp1\" data-image-description=\"\" data-image-caption=\"\" data-medium-file=\"https:\/\/i0.wp.com\/aotools.weiermanns.de\/aotools\/wp-content\/uploads\/2019\/05\/Finanz_Bsp1.gif?fit=300%2C240&amp;ssl=1\" data-large-file=\"https:\/\/i0.wp.com\/aotools.weiermanns.de\/aotools\/wp-content\/uploads\/2019\/05\/Finanz_Bsp1.gif?fit=640%2C511&amp;ssl=1\" loading=\"lazy\" width=\"640\" height=\"511\" src=\"https:\/\/i0.wp.com\/aotools.weiermanns.de\/aotools\/wp-content\/uploads\/2019\/05\/Finanz_Bsp1.gif?resize=640%2C511\" alt=\"\" data-id=\"378\" data-link=\"http:\/\/aotools.weiermanns.de\/aotools\/finanzen\/finanz_bsp1\/#main\" class=\"wp-image-378\" data-recalc-dims=\"1\"\/><\/figure><\/li><\/ul>\n\n\n\n<p>Um die Funktionen nutzen zu k\u00f6nnen m\u00fcsst ihr wie gesagt eure Bilanz importieren. Hier eine Anleitung:<\/p>\n\n\n\n<p>Geht auf Verwaltung und Bilanz in Anstoss Online. \u00d6ffnet die wichtigen Kategorien wie folgt:<\/p>\n\n\n\n<figure class=\"wp-block-image\"><img data-attachment-id=\"375\" data-permalink=\"https:\/\/aotools.weiermanns.de\/aotools\/finanz_hilfe_1\/\" data-orig-file=\"https:\/\/i0.wp.com\/aotools.weiermanns.de\/aotools\/wp-content\/uploads\/2019\/05\/Finanz_Hilfe_1.gif?fit=619%2C359&amp;ssl=1\" data-orig-size=\"619,359\" data-comments-opened=\"0\" data-image-meta=\"{&quot;aperture&quot;:&quot;0&quot;,&quot;credit&quot;:&quot;&quot;,&quot;camera&quot;:&quot;&quot;,&quot;caption&quot;:&quot;&quot;,&quot;created_timestamp&quot;:&quot;0&quot;,&quot;copyright&quot;:&quot;&quot;,&quot;focal_length&quot;:&quot;0&quot;,&quot;iso&quot;:&quot;0&quot;,&quot;shutter_speed&quot;:&quot;0&quot;,&quot;title&quot;:&quot;&quot;,&quot;orientation&quot;:&quot;0&quot;}\" data-image-title=\"Finanz_Hilfe_1\" data-image-description=\"&lt;p&gt;Bilanz Import Hilfe 1&lt;\/p&gt;\n\" data-image-caption=\"&lt;p&gt;Bilanz Import Hilfe 1&lt;\/p&gt;\n\" data-medium-file=\"https:\/\/i0.wp.com\/aotools.weiermanns.de\/aotools\/wp-content\/uploads\/2019\/05\/Finanz_Hilfe_1.gif?fit=300%2C174&amp;ssl=1\" data-large-file=\"https:\/\/i0.wp.com\/aotools.weiermanns.de\/aotools\/wp-content\/uploads\/2019\/05\/Finanz_Hilfe_1.gif?fit=619%2C359&amp;ssl=1\" loading=\"lazy\" width=\"619\" height=\"359\" src=\"https:\/\/i0.wp.com\/aotools.weiermanns.de\/aotools\/wp-content\/uploads\/2019\/05\/Finanz_Hilfe_1.gif?resize=619%2C359\" alt=\"\" class=\"wp-image-375\" data-recalc-dims=\"1\"\/><figcaption>Reiter Abl\u00f6sen \u00f6ffnen<\/figcaption><\/figure>\n\n\n\n<figure class=\"wp-block-image\"><img data-attachment-id=\"374\" data-permalink=\"https:\/\/aotools.weiermanns.de\/aotools\/finanz_hilfe_2\/\" data-orig-file=\"https:\/\/i0.wp.com\/aotools.weiermanns.de\/aotools\/wp-content\/uploads\/2019\/05\/Finanz_Hilfe_2.gif?fit=614%2C214&amp;ssl=1\" data-orig-size=\"614,214\" data-comments-opened=\"0\" data-image-meta=\"{&quot;aperture&quot;:&quot;0&quot;,&quot;credit&quot;:&quot;&quot;,&quot;camera&quot;:&quot;&quot;,&quot;caption&quot;:&quot;&quot;,&quot;created_timestamp&quot;:&quot;0&quot;,&quot;copyright&quot;:&quot;&quot;,&quot;focal_length&quot;:&quot;0&quot;,&quot;iso&quot;:&quot;0&quot;,&quot;shutter_speed&quot;:&quot;0&quot;,&quot;title&quot;:&quot;&quot;,&quot;orientation&quot;:&quot;0&quot;}\" data-image-title=\"Bilanz Import Hilfe 2\" data-image-description=\"&lt;p&gt;Bilanz Import Hilfe 2&lt;\/p&gt;\n\" data-image-caption=\"&lt;p&gt;Bilanz Import Hilfe 2&lt;\/p&gt;\n\" data-medium-file=\"https:\/\/i0.wp.com\/aotools.weiermanns.de\/aotools\/wp-content\/uploads\/2019\/05\/Finanz_Hilfe_2.gif?fit=300%2C105&amp;ssl=1\" data-large-file=\"https:\/\/i0.wp.com\/aotools.weiermanns.de\/aotools\/wp-content\/uploads\/2019\/05\/Finanz_Hilfe_2.gif?fit=614%2C214&amp;ssl=1\" loading=\"lazy\" width=\"614\" height=\"214\" src=\"https:\/\/i0.wp.com\/aotools.weiermanns.de\/aotools\/wp-content\/uploads\/2019\/05\/Finanz_Hilfe_2.gif?resize=614%2C214\" alt=\"\" class=\"wp-image-374\" data-recalc-dims=\"1\"\/><figcaption>Die Spieler sind zu sehen mit ihren Summen<\/figcaption><\/figure>\n\n\n\n<figure class=\"wp-block-image\"><img data-attachment-id=\"373\" data-permalink=\"https:\/\/aotools.weiermanns.de\/aotools\/finanz_hilfe_3\/\" data-orig-file=\"https:\/\/i0.wp.com\/aotools.weiermanns.de\/aotools\/wp-content\/uploads\/2019\/05\/Finanz_Hilfe_3.gif?fit=614%2C383&amp;ssl=1\" data-orig-size=\"614,383\" data-comments-opened=\"0\" data-image-meta=\"{&quot;aperture&quot;:&quot;0&quot;,&quot;credit&quot;:&quot;&quot;,&quot;camera&quot;:&quot;&quot;,&quot;caption&quot;:&quot;&quot;,&quot;created_timestamp&quot;:&quot;0&quot;,&quot;copyright&quot;:&quot;&quot;,&quot;focal_length&quot;:&quot;0&quot;,&quot;iso&quot;:&quot;0&quot;,&quot;shutter_speed&quot;:&quot;0&quot;,&quot;title&quot;:&quot;&quot;,&quot;orientation&quot;:&quot;0&quot;}\" data-image-title=\"Bilanz Import Hilfe 3\" data-image-description=\"&lt;p&gt;Bilanz Import Hilfe 3&lt;\/p&gt;\n\" data-image-caption=\"&lt;p&gt;Bilanz Import Hilfe 3&lt;\/p&gt;\n\" data-medium-file=\"https:\/\/i0.wp.com\/aotools.weiermanns.de\/aotools\/wp-content\/uploads\/2019\/05\/Finanz_Hilfe_3.gif?fit=300%2C187&amp;ssl=1\" data-large-file=\"https:\/\/i0.wp.com\/aotools.weiermanns.de\/aotools\/wp-content\/uploads\/2019\/05\/Finanz_Hilfe_3.gif?fit=614%2C383&amp;ssl=1\" loading=\"lazy\" width=\"614\" height=\"383\" src=\"https:\/\/i0.wp.com\/aotools.weiermanns.de\/aotools\/wp-content\/uploads\/2019\/05\/Finanz_Hilfe_3.gif?resize=614%2C383\" alt=\"\" class=\"wp-image-373\" data-recalc-dims=\"1\"\/><figcaption>Auch diese Kategorien \u00f6ffnen damit die Details zu sehen sind<\/figcaption><\/figure>\n\n\n\n<figure class=\"wp-block-image\"><img data-attachment-id=\"372\" data-permalink=\"https:\/\/aotools.weiermanns.de\/aotools\/finanz_hilfe_4\/\" data-orig-file=\"https:\/\/i0.wp.com\/aotools.weiermanns.de\/aotools\/wp-content\/uploads\/2019\/05\/Finanz_Hilfe_4.gif?fit=621%2C557&amp;ssl=1\" data-orig-size=\"621,557\" data-comments-opened=\"0\" data-image-meta=\"{&quot;aperture&quot;:&quot;0&quot;,&quot;credit&quot;:&quot;&quot;,&quot;camera&quot;:&quot;&quot;,&quot;caption&quot;:&quot;&quot;,&quot;created_timestamp&quot;:&quot;0&quot;,&quot;copyright&quot;:&quot;&quot;,&quot;focal_length&quot;:&quot;0&quot;,&quot;iso&quot;:&quot;0&quot;,&quot;shutter_speed&quot;:&quot;0&quot;,&quot;title&quot;:&quot;&quot;,&quot;orientation&quot;:&quot;0&quot;}\" data-image-title=\"Bilanz Import Hilfe 4\" data-image-description=\"&lt;p&gt;Bilanz Import Hilfe 4&lt;\/p&gt;\n\" data-image-caption=\"&lt;p&gt;Bilanz Import Hilfe 4&lt;\/p&gt;\n\" data-medium-file=\"https:\/\/i0.wp.com\/aotools.weiermanns.de\/aotools\/wp-content\/uploads\/2019\/05\/Finanz_Hilfe_4.gif?fit=300%2C269&amp;ssl=1\" data-large-file=\"https:\/\/i0.wp.com\/aotools.weiermanns.de\/aotools\/wp-content\/uploads\/2019\/05\/Finanz_Hilfe_4.gif?fit=621%2C557&amp;ssl=1\" loading=\"lazy\" width=\"621\" height=\"557\" src=\"https:\/\/i0.wp.com\/aotools.weiermanns.de\/aotools\/wp-content\/uploads\/2019\/05\/Finanz_Hilfe_4.gif?resize=621%2C557\" alt=\"\" class=\"wp-image-372\" data-recalc-dims=\"1\"\/><figcaption>Details des Umfeld sollten sichtbar sein als auch<\/figcaption><\/figure>\n\n\n\n<figure class=\"wp-block-image\"><img data-attachment-id=\"371\" data-permalink=\"https:\/\/aotools.weiermanns.de\/aotools\/finanz_hilfe_5\/\" data-orig-file=\"https:\/\/i0.wp.com\/aotools.weiermanns.de\/aotools\/wp-content\/uploads\/2019\/05\/Finanz_Hilfe_5.gif?fit=611%2C559&amp;ssl=1\" data-orig-size=\"611,559\" data-comments-opened=\"0\" data-image-meta=\"{&quot;aperture&quot;:&quot;0&quot;,&quot;credit&quot;:&quot;&quot;,&quot;camera&quot;:&quot;&quot;,&quot;caption&quot;:&quot;&quot;,&quot;created_timestamp&quot;:&quot;0&quot;,&quot;copyright&quot;:&quot;&quot;,&quot;focal_length&quot;:&quot;0&quot;,&quot;iso&quot;:&quot;0&quot;,&quot;shutter_speed&quot;:&quot;0&quot;,&quot;title&quot;:&quot;&quot;,&quot;orientation&quot;:&quot;0&quot;}\" data-image-title=\"Bilanz Import Hilfe 5\" data-image-description=\"&lt;p&gt;Bilanz Import Hilfe 5&lt;\/p&gt;\n\" data-image-caption=\"&lt;p&gt;Bilanz Import Hilfe 5&lt;\/p&gt;\n\" data-medium-file=\"https:\/\/i0.wp.com\/aotools.weiermanns.de\/aotools\/wp-content\/uploads\/2019\/05\/Finanz_Hilfe_5.gif?fit=300%2C274&amp;ssl=1\" data-large-file=\"https:\/\/i0.wp.com\/aotools.weiermanns.de\/aotools\/wp-content\/uploads\/2019\/05\/Finanz_Hilfe_5.gif?fit=611%2C559&amp;ssl=1\" loading=\"lazy\" width=\"611\" height=\"559\" src=\"https:\/\/i0.wp.com\/aotools.weiermanns.de\/aotools\/wp-content\/uploads\/2019\/05\/Finanz_Hilfe_5.gif?resize=611%2C559\" alt=\"\" class=\"wp-image-371\" data-recalc-dims=\"1\"\/><figcaption>Die Zuschauerzahlen eurer Begegnungen.<\/figcaption><\/figure>\n\n\n\n<p>Dann markiert ihr alles von oben angefangen &#8220; Spielergeh\u00e4lter und Pr\u00e4mien&#8220; bis zum Ende wo die Summen stehen. Dr\u00fcckt dann STRG+C.<\/p>\n\n\n\n<p>Danach geht ihr auf die AO-Tools Seite und w\u00e4hlt den Men\u00fcpunkt &#8222;Finanzen &#8211; Eintragen&#8220;. Dort die entsprechende Saison ausw\u00e4hlen und dann im Textfeld STRG+V dr\u00fccken damit das kopierte eingef\u00fcgt wird. <br>Danach noch den Button &#8222;Eintragen&#8220; dr\u00fccken und die Daten werden importiert.<\/p>\n\n\n\n<p>Wichtig: Der Import funktioniert garantiert mit Firefox. Andere Browser ohne Gew\u00e4hr. IE geht bspw. leider nicht.<\/p>\n<div class=\"sharedaddy sd-sharing-enabled\"><div class=\"robots-nocontent sd-block sd-social sd-social-icon sd-sharing\"><h3 class=\"sd-title\">Teilen mit:<\/h3><div class=\"sd-content\"><ul><li class=\"share-twitter\"><a rel=\"nofollow noopener noreferrer\" data-shared=\"sharing-twitter-232\" class=\"share-twitter sd-button share-icon no-text\" href=\"https:\/\/aotools.weiermanns.de\/aotools\/finanzen\/?share=twitter\" target=\"_blank\" title=\"Klick, um \u00fcber Twitter zu teilen\"><span><\/span><span class=\"sharing-screen-reader-text\">Klick, um \u00fcber Twitter zu teilen (Wird in neuem Fenster ge\u00f6ffnet)<\/span><\/a><\/li><li class=\"share-facebook\"><a rel=\"nofollow noopener noreferrer\" data-shared=\"sharing-facebook-232\" class=\"share-facebook sd-button share-icon no-text\" href=\"https:\/\/aotools.weiermanns.de\/aotools\/finanzen\/?share=facebook\" target=\"_blank\" title=\"Klick, um auf Facebook zu teilen\"><span><\/span><span class=\"sharing-screen-reader-text\">Klick, um auf Facebook zu teilen (Wird in neuem Fenster ge\u00f6ffnet)<\/span><\/a><\/li><li class=\"share-jetpack-whatsapp\"><a rel=\"nofollow noopener noreferrer\" data-shared=\"\" class=\"share-jetpack-whatsapp sd-button share-icon no-text\" href=\"https:\/\/aotools.weiermanns.de\/aotools\/finanzen\/?share=jetpack-whatsapp\" target=\"_blank\" title=\"Klicken, um auf WhatsApp zu teilen\"><span><\/span><span class=\"sharing-screen-reader-text\">Klicken, um auf WhatsApp zu teilen (Wird in neuem Fenster ge\u00f6ffnet)<\/span><\/a><\/li><li class=\"share-end\"><\/li><\/ul><\/div><\/div><\/div>","protected":false},"excerpt":{"rendered":"<p>Ihr k\u00f6nnt indem ihr eure Bilanz aus Anstoss Online importiert einige Auswertungen anfertigen wie sich euer Verein finanziell entwickelt. Daraus kann abgeleitet werden wie viel Geld ihr mit eurem Umfeld macht und wie ggf. die optimalen Eintrittspreise aussehen. Weiterhin sind einige Grafiken vorhanden und eine dynamische Auswertung welches alles ein wenig abrundet.Ihr seht auch wie [&hellip;]<\/p>\n<div class=\"sharedaddy sd-sharing-enabled\"><div class=\"robots-nocontent sd-block sd-social sd-social-icon sd-sharing\"><h3 class=\"sd-title\">Teilen mit:<\/h3><div class=\"sd-content\"><ul><li class=\"share-twitter\"><a rel=\"nofollow noopener noreferrer\" data-shared=\"sharing-twitter-232\" class=\"share-twitter sd-button share-icon no-text\" href=\"https:\/\/aotools.weiermanns.de\/aotools\/finanzen\/?share=twitter\" target=\"_blank\" title=\"Klick, um \u00fcber Twitter zu teilen\"><span><\/span><span class=\"sharing-screen-reader-text\">Klick, um \u00fcber Twitter zu teilen (Wird in neuem Fenster ge\u00f6ffnet)<\/span><\/a><\/li><li class=\"share-facebook\"><a rel=\"nofollow noopener noreferrer\" data-shared=\"sharing-facebook-232\" class=\"share-facebook sd-button share-icon no-text\" href=\"https:\/\/aotools.weiermanns.de\/aotools\/finanzen\/?share=facebook\" target=\"_blank\" title=\"Klick, um auf Facebook zu teilen\"><span><\/span><span class=\"sharing-screen-reader-text\">Klick, um auf Facebook zu teilen (Wird in neuem Fenster ge\u00f6ffnet)<\/span><\/a><\/li><li class=\"share-jetpack-whatsapp\"><a rel=\"nofollow noopener noreferrer\" data-shared=\"\" class=\"share-jetpack-whatsapp sd-button share-icon no-text\" href=\"https:\/\/aotools.weiermanns.de\/aotools\/finanzen\/?share=jetpack-whatsapp\" target=\"_blank\" title=\"Klicken, um auf WhatsApp zu teilen\"><span><\/span><span class=\"sharing-screen-reader-text\">Klicken, um auf WhatsApp zu teilen (Wird in neuem Fenster ge\u00f6ffnet)<\/span><\/a><\/li><li class=\"share-end\"><\/li><\/ul><\/div><\/div><\/div>","protected":false},"author":1,"featured_media":0,"parent":0,"menu_order":0,"comment_status":"closed","ping_status":"closed","template":"","meta":{"episode_type":"","audio_file":"","cover_image":"","cover_image_id":"","duration":"","filesize":"","date_recorded":"","explicit":"","block":"","filesize_raw":"","spay_email":""},"jetpack_sharing_enabled":true,"jetpack_shortlink":"https:\/\/wp.me\/PaNeai-3K","jetpack-related-posts":[{"id":234,"url":"https:\/\/aotools.weiermanns.de\/aotools\/aaw\/","url_meta":{"origin":232,"position":0},"title":"AAW","date":"17. Mai 2019","format":false,"excerpt":"Mit den AOTools k\u00f6nnt ihr eure AAWs sehr gut verwalten und ihr k\u00f6nnt absch\u00e4tzen wann sich eure Spieler mit Aufwertungen belohnen werden. Daf\u00fcr m\u00fcssen einfach die AAWs eingetragen werden. Dies funktioniert sowohl f\u00fcr die Profis als auch f\u00fcr die Amateure. Anbei eine Beispiel Ansicht aus den AOTools: Daraus ist ersichtlich\u2026","rel":"","context":"\u00c4hnlicher Beitrag","img":{"alt_text":"","src":"https:\/\/i0.wp.com\/aotools.weiermanns.de\/aotools\/wp-content\/uploads\/2019\/06\/aaw_bsp1.gif?resize=350%2C200&ssl=1","width":350,"height":200},"classes":[]},{"id":12,"url":"https:\/\/aotools.weiermanns.de\/aotools\/","url_meta":{"origin":232,"position":1},"title":"AOTools","date":"10. M\u00e4rz 2019","format":false,"excerpt":"Willkommen bei der neuen Version von AOTools. Hier findest du einige Gimmicks, Tools und Hilfen rund um das Spiel Anstoss-Online. Du kannst dein Training und deine AAW tracken und verwalten. Deine Finanzen in sch\u00f6ne graphische Auswertungen und Analysen packen als auch die jeweilige Liga in der du spielst etwas netter\u2026","rel":"","context":"\u00c4hnlicher Beitrag","img":{"alt_text":"AOTools","src":"https:\/\/i0.wp.com\/aotools.weiermanns.de\/aotools\/wp-content\/uploads\/2019\/03\/audience-1866738_1920.jpg?fit=1200%2C553&ssl=1&resize=350%2C200","width":350,"height":200},"classes":[]},{"id":236,"url":"https:\/\/aotools.weiermanns.de\/aotools\/training\/","url_meta":{"origin":232,"position":2},"title":"Training","date":"17. Mai 2019","format":false,"excerpt":"Wenn du t\u00e4glich deine Trainingswerte auswerten m\u00f6chtest und wissen willst, was es auf Dauer bringt, dann trage einfach deine gesamten Trainingswerte deiner Feldspieler ein oder suche dir Spieler raus die du exakt beobachten m\u00f6chtest. Die Auswahl von Einzelspielern ist meiner Meinung nach Aussagef\u00e4higer in der Analyse. Anbei ein paar Screenshots\u2026","rel":"","context":"\u00c4hnlicher Beitrag","img":{"alt_text":"","src":"https:\/\/i0.wp.com\/aotools.weiermanns.de\/aotools\/wp-content\/uploads\/2019\/06\/train_bsp2.gif?resize=350%2C200&ssl=1","width":350,"height":200},"classes":[]},{"id":244,"url":"https:\/\/aotools.weiermanns.de\/aotools\/finanzen-transfers\/","url_meta":{"origin":232,"position":3},"title":"Finanzen &#8211; Transfers","date":"17. Mai 2019","format":false,"excerpt":"","rel":"","context":"\u00c4hnlicher Beitrag","img":{"alt_text":"","src":"","width":0,"height":0},"classes":[]},{"id":246,"url":"https:\/\/aotools.weiermanns.de\/aotools\/finanzen-eintragen\/","url_meta":{"origin":232,"position":4},"title":"Finanzen &#8211; Eintragen","date":"17. Mai 2019","format":false,"excerpt":"","rel":"","context":"\u00c4hnlicher Beitrag","img":{"alt_text":"","src":"","width":0,"height":0},"classes":[]},{"id":338,"url":"https:\/\/aotools.weiermanns.de\/aotools\/finanzen-historisch\/","url_meta":{"origin":232,"position":5},"title":"Finanzen &#8211; Historisch","date":"19. Mai 2019","format":false,"excerpt":"","rel":"","context":"\u00c4hnlicher Beitrag","img":{"alt_text":"","src":"","width":0,"height":0},"classes":[]}],"_links":{"self":[{"href":"https:\/\/aotools.weiermanns.de\/aotools\/wp-json\/wp\/v2\/pages\/232"}],"collection":[{"href":"https:\/\/aotools.weiermanns.de\/aotools\/wp-json\/wp\/v2\/pages"}],"about":[{"href":"https:\/\/aotools.weiermanns.de\/aotools\/wp-json\/wp\/v2\/types\/page"}],"author":[{"embeddable":true,"href":"https:\/\/aotools.weiermanns.de\/aotools\/wp-json\/wp\/v2\/users\/1"}],"replies":[{"embeddable":true,"href":"https:\/\/aotools.weiermanns.de\/aotools\/wp-json\/wp\/v2\/comments?post=232"}],"version-history":[{"count":3,"href":"https:\/\/aotools.weiermanns.de\/aotools\/wp-json\/wp\/v2\/pages\/232\/revisions"}],"predecessor-version":[{"id":379,"href":"https:\/\/aotools.weiermanns.de\/aotools\/wp-json\/wp\/v2\/pages\/232\/revisions\/379"}],"wp:attachment":[{"href":"https:\/\/aotools.weiermanns.de\/aotools\/wp-json\/wp\/v2\/media?parent=232"}],"curies":[{"name":"wp","href":"https:\/\/api.w.org\/{rel}","templated":true}]}}